(y) = -4*y**2 - 2*y - 4. Let r(s) = -5*a(s) - 6*p(s). List the prime factors of r(-2).
2
Suppose -3*w - 129 = i + 2*i, w - i = -47. Let m = 80 + w. List the prime factors of m.
5, 7
Let j(x) = -x**2 + 5*x - 5. Let d be j(4). Let h(g) = g**2 - g + 7. Let f be h(0). Let a = f - d. List the prime factors of a.
2
Let k(y) be the second derivative of y**6/72 - y**5/120 + y**4/24 + y**3/6 + 3*y. Let r(t) be the second derivative of k(t). What are the prime factors of r(1)?
5
Suppose -c + 3 = f, -5*f - 3 = -2*c + 10. List the prime factors of 9/c*(-24)/(-9).
2, 3
Let h = 298 + -189. Suppose 135 = 4*z - h. List the prime factors of z.
61
Let t(h) = -h**3 - 5*h**2 - 4*h + 5. Let n be t(-4). Suppose -x - 5*z + 22 + 8 = 0, 0 = -n*x + z + 20. Let r(w) = 2*w - 6. What are the prime factors of r(x)?
2
List the prime factors of 38 + 4/(1 - 5).
37
Let u be (-6)/(-15) + (-36)/(-10). Let m = 4 - u. What are the prime factors of -2*(1 - m) - -8?
2, 3
Let s(c) = -2*c**2 + 7*c. Let n be s(5). Suppose 0 = 2*f + 4*b + 10, -3*f + b - 14 = -2*f. Let j = f - n. List the prime factors of j.
2
Suppose -5*t = -t. Let q = 2 - -1. Suppose q*n = 27 - t. List the prime factors of n.
3
Suppose -5*q = 4*c - 993, -2*c + 536 - 41 = q. Suppose 5*y = c + 248. What are the prime factors of (2/3)/(6/y)?
11
Let i = -1 - -3. Suppose 0 = 2*n - x - 11, i*n - 10 = n + 5*x. What are the prime factors of n?
5
Suppose -13 = g - 48. What are the prime factors of g?
5, 7
Let r = 7 + -5. Suppose -108 = -4*z - 4*k, -r*z + k + k = -62. Let l = z - 20. List the prime factors of l.
3
Let g = 13 + 104. List the prime factors of g.
3, 13
Let x be -3 + (-3)/(3/(-23)). Suppose -f = -6*f + x. Suppose 0 = -3*d - 2*a + 52, a + 26 = f*d - 25. List the prime factors of d.
2, 7
Let q(v) = -3*v + 2. Let r be q(-3). Let n(k) = -k**2 + 9*k + 16. Let d be n(r). List the prime factors of 94/6 - d/(-9).
3, 5
Let y = -35 + 5. Suppose 0 = 3*s - 4*r + 36, s - 2*r + 3 = -11. List the prime factors of y/s - (-3)/12.
2
Let c be ((-4)/(-5))/((-4)/(-530)). Suppose o = -3*o + 3*h + c, -2*o - h + 48 = 0. What are the prime factors of o?
5
Let n = 100 + -53. Suppose 3*x - f = -0*f + 45, 0 = 4*x + 3*f - n. What are the prime factors of x?
2, 7
Let c be 4/12 + (-68)/(-3). Let y = c + -7. What are the prime factors of y?
2
Let g be (-110)/(-8) - 1/(-4). Let r = 68 - g. What are the prime factors of r?
2, 3
Let c(k) = -k + 6. Suppose -3*r - 5*y + 7 = -4, y - 33 = -5*r. Let u be c(r). What are the prime factors of -4*((-1)/(-4) + u)?
3
Suppose 2*d + d = 129. List the prime factors of d.
43
Suppose 138 = 2*n + 2*b, -5*n + 349 = 2*b + b. List the prime factors of n.
71
Let b(m) = m**2 + 6*m - 10. List the prime factors of b(-12).
2, 31
Suppose 8*u - 392 = 296. List the prime factors of u.
2, 43
Suppose -d + q = -4*d + 301, -d + 102 = 2*q. What are the prime factors of d?
2, 5
Let m(b) = b**3 + 5*b**2 + 5. Let p be m(-5). Let q(a) = a + 5. List the prime factors of q(p).
2, 5
Let o = -111 + 157. Let l be (-6)/10 - o/(-10). Suppose 0 = -2*d - 5*m + 36, 9*m + 72 = 4*d + l*m. List the prime factors of d.
2, 3
Suppose 0 = -5*c - 26 + 76. List the prime factors of c.
2, 5
Let w = -156 + 303. Let c = 13 - 12. List the prime factors of c/(-3) + w/9.
2
Let y = 7 - 7. Suppose y = -5*k - 5 + 25. Suppose 5*m = -k*t + 40, m + t = 4*t - 11. List the prime factors of m.
2
Suppose -46 = -w - l, -162 = -3*w - 0*w + 5*l. What are the prime factors of w?
7
Let j(f) = -f**3 - 11*f**2 + 9*f - 13. What are the prime factors of j(-12)?
23
Let x = 0 + -11. Let a = 5 - x. List the prime factors of a.
2
Let m = -4 + 6. Let j be 3 + (m - -3) - 0. Let u = 1 + j. List the prime factors of u.
3
Let j(d) be the second derivative of -d**5/20 - 7*d**4/12 - d**3 + 7*d**2/2 + 3*d. What are the prime factors of j(-6)?
7
Let g(b) = -b**2 + b - 3. Let k(i) = 1 - i**2 + 2 + i - 4 + 0. Let f(q) = g(q) - 2*k(q). What are the prime factors of f(4)?
11
Let m(x) = -2*x**3 + x**2 + 2*x + 4. What are the prime factors of m(-5)?
269
Suppose 0 = -3*b - b + 604. Suppose -4*y - 3*d = -b, 2*y = 4*y - d - 63. What are the prime factors of y?
2, 17
Suppose -z - n - 3*n - 9 = 0, 3*z - 18 = 3*n. List the prime factors of z.
3
Let j be 15/13 - (-4)/(-26). Let u = 43 - j. List the prime factors of u.
2, 3, 7
Let k be ((-12)/(-15))/((-2)/(-5)). Suppose b - 23 = 2*s, -4*b + 25 = k*s - 17. List the prime factors of b.
13
Let s = -8 - -9. Let u be (4*13 + 3)*s. Suppose 0*i + 4*i - u = 5*c, -5*i + 80 = 5*c. List the prime factors of i.
3, 5
Let n = 0 + 5. Suppose -j + 97 = 3*y + y, y + n*j - 29 = 0. List the prime factors of y.
2, 3
Let m be (1/1)/(6/36). Let i(u) = 2*u - 2. List the prime factors of i(m).
2, 5
Let j(i) = -i**2 + 6*i + 1. Let b be j(5). Let y(f) = 4*f + 5. What are the prime factors of y(b)?
29
Let m(s) = 5*s**2 - 6*s - 4. Let y(k) = -4*k**2 + 5*k + 3. Let v(f) = 3*m(f) + 4*y(f). Let q be v(3). Let z = q + 6. List the prime factors of z.
3
Suppose 2*j + 3*j - 140 = 0. Let q = -15 + j. List the prime factors of q.
13
Let b be 6/4 - 118/(-4). Suppose -2*j + 50 = -5*r, 0 = -5*j - 3*r + b + 32. What are the prime factors of j?
3, 5
Suppose 4*t = -t + 615. What are the prime factors of t?
3, 41
Let i(w) = 6*w**2 - 19*w + 10. Let g(s) = 5*s**2 - 18*s + 9. Let n(l) = 7*g(l) - 6*i(l). List the prime factors of n(-5).
2, 19
Let f(i) = -i**3 + 11*i**2 + 13*i + 5. What are the prime factors of f(12)?
17
Suppose 8 = -2*g, -344 = -6*t + 2*t - 3*g. What are the prime factors of t?
89
Let c(n) = 3*n - 1. Let m be c(2). Suppose -m*f + 7 = -5*y - 53, -5*y = 0. What are the prime factors of f?
2, 3
Let w(f) = -2*f**3 + 3*f + 3. Let u be w(-3). Let j = u - 34. What are the prime factors of j?
2, 7
Let y be (2/(-3) + 1)*0. Suppose f + 0*f = y. Suppose f*t - 2*t = -22. List the prime factors of t.
11
Let b be (-5 + 6)*(-5)/(-1). Suppose -2*t + 5*o + 10 = -4*t, 4*o = -8. Suppose 2*u - 6*u - x + 24 = 0, -b*u + 5*x + 30 = t. List the prime factors of u.
2, 3
List the prime factors of 3/(-12) + 161/4.
2, 5
Let z(t) = -2*t**3 + 2*t**2 + t + 8. What are the prime factors of z(-4)?
2, 41
Let r(l) = l**3 - 13*l**2 + 15*l - 16. List the prime factors of r(12).
2, 5
Let q = -33 + 62. List the prime factors of q.
29
Let u be 41/4 - 3/12. Let b = u - 5. Suppose 0*i - 35 = -b*i. List the prime factors of i.
7
List the prime factors of ((-10)/(-1))/((-9)/(-306)).
2, 5, 17
Let w(q) = -q + 7. Let u be w(10). List the prime factors of -51*1/(0 + u).
17
Let l be 8/2 - -30 - -3. Suppose 4*x - 225 = -l. List the prime factors of x.
47
Suppose -4*r = 4, -4*t + 0*r + 5*r - 3 = 0. Let b = t + 9. Suppose -2*d + 5*y + 11 = 0, 4*d + 4*y + b = 71. List the prime factors of d.
13
Suppose -8*v + 4*v - 8 = 0. What are the prime factors of (-5)/v + (-10)/(-20)?
3
Let t be 2/((-6)/15) + 1. List the prime factors of (-10)/(((-6)/t)/(-3)).
2, 5
Let m(f) = -37*f - 62. List the prime factors of m(-6).
2, 5
Suppose 3*u + 4*q = 131, 0 = -u - 0*u - 2*q + 47. Let d(x) = x**3 + x + 26. Let j be d(0). Let m = u - j. What are the prime factors of m?
11
Let m(o) = -15*o - 1. Let k = 19 - 20. List the prime factors of m(k).
2, 7
List the prime factors of (-8)/((-8)/(-44) + (-32)/132).
2, 3, 11
Suppose 3*u + 5 = d + 56, u - 17 = -4*d. Suppose 5 = x - u. List the prime factors of x.
2, 11
Let d = -16 - -34. Suppose -3*f - 15 = 18. Let z = f + d. List the prime factors of z.
7
Suppose 2*s - 82 = -4*w + 68, -2*s + 3*w + 136 = 0. What are the prime factors of s?
71
Let w(m) be the first derivative of -7*m**2/2 - 3*m + 1. Let j be (-3)/12 - (-7)/(-4). List the prime factors of w(j).
11
Suppose 20 + 20 = w. What are the prime factors of w?
2, 5
Let d be 0 - -2 - (2 - 5). Suppose -12 = -2*l + d*h, -h = 3*l + h - 56. List the prime factors of l.
2
Let r(i) = 4*i**3 - 4*i + 5. What are the prime factors of r(2)?
29
Let t(c) = 0*c**2 - 3*c**2 - c**3 + 6*c + 7 - 2*c**2. List the prime factors of t(-6).
7
Let j be 10 - (1 - (-2 - -4)). Let i(u) = 5*u**2 - 4*u - 4. Let k(t) = t**2 - t - 1. Let n(h) = j*k(h) - 2*i(h). What are the prime factors of n(-2)?
7
Suppose -u = -2*u + 32. What are the prime factors of u?
2
Let k be -39*(-4)/6 + -2. Let p = k + 5. List the prime factors of p.
29
Let g = 107 + -62. Let d = g + -30. What are the prime factors of